er when 144 is divided by l.
12
Let v(u) = -3*u**2 - 49*u - 14. Let c be v(-16). Suppose c*z + 8 = 0, 4*z + 243 = i - 33. Calculate the remainder when i is divided by 67.
59
Suppose 984*v = 505*v + 499*v - 840. Suppose 0 = -5*d - 3*p + 136, -3*d - p = p - 82. What is the remainder when v is divided by d?
16
Let v(p) = p - 24. Let a be v(5). Let m = a + 22. What is the remainder when 25 is divided by (-4)/(m/((-54)/(-32)) - 2)?
7
Suppose l + 524 = 3*n, 0 = -736*n + 737*n + 5*l - 148. Calculate the remainder when 3968 is divided by n.
162
Suppose 0 = d - 4*w - 327, -2*d - 9*w + 4*w + 576 = 0. Calculate the remainder when d is divided by 116.
71
Let h = -54 - -54. Suppose -51*k + 351 + 516 = h. Calculate the remainder when 131 is divided by k.
12
Let o(v) = 3*v**2 + 5*v + 3. Let z be o(-2). Suppose 4*s + 8 = 0, -z*k - 199 = 4*s - 811. What is the remainder when k is divided by 22?
14
Let w(i) = -1. Let a(s) = 9*s - 65. Let t(l) = a(l) + 5*w(l). Let p(h) = 9*h**3 + h**2 + h - 3. Calculate the remainder when p(2) is divided by t(10).
15
Let o be (3 + -3)/3 - -10. Let v = o - 4. Suppose -v*f + 56 = f. Calculate the remainder when f is divided by 3.
2
Suppose 0 = 5*m + 2*n - 101, 17 = 41*m - 40*m + 2*n. What is the remainder when 2056 is divided by m?
19
What is the remainder when 114 is divided by (-1148)/(-164)*107/7?
7
Let x = -19 - -19. Suppose w + 13 + 8 = x. Let j(i) = i**2 + 21*i + 17. What is the remainder when j(w) is divided by 6?
5
Let w(o) = -o**2 - 28*o - 28. Let m be w(-27). What is the remainder when (m + -1)*(33/(-3) - 86) is divided by 34?
24
Let o be (2 + -4)*(-6 + -175). Let v = 524 - o. Calculate the remainder when v is divided by 11.
8
Let r = 754 + -96. Let z(p) = -3843*p + 26961. Calculate the remainder when r is divided by z(7).
58
Let n = -3226 - -4760. Calculate the remainder when n is divided by 171.
166
Let z = 980 + -430. What is the remainder when 554 is divided by z?
4
Calculate the remainder when (416/(-4))/(6 - (-9)/2025*-1356) is divided by 650.
0
Calculate the remainder when 24/6 + -25 + 146 is divided by 6.
5
Let k = 345 - 217. Suppose -13*s + k = -9*s. Calculate the remainder when 59 is divided by s.
27
Let s(u) = 7*u**2 - 78*u + 232. What is the remainder when 1478 is divided by s(6)?
6
Let x = -3154 - -3345. Calculate the remainder when 369 is divided by x.
178
Let y be 0*((-39)/9 + 4). Suppose m + 4*t - 224 = y, 698 = 3*m - 4*t + 3*t. Suppose 53*l = 57*l - m. Calculate the remainder when l is divided by 12.
10
Suppose -5*s + 3*y = -11 - 309, s + 2*y = 77. Let d = 207 - s. Suppose d = 12*v - 5*v. What is the remainder when 30 is divided by v?
10
Let j be (60/40)/((-1)/(-2)). Let p(m) = -m**3 + 4*m**2 - 2*m + 3. Calculate the remainder when -1 - -5 - (0 - (2 + j)) is divided by p(3).
3
Let i = 16717 + -15854. What is the remainder when i is divided by 79?
73
Suppose 15*r = -2*p + 17*r + 48, -4*r + 165 = 5*p. Calculate the remainder when 1783 is divided by p.
14
Suppose 2*h + 5 = -3*x, 2*h - 1 = -3*x + 6*h. Calculate the remainder when 98 is divided by (6/(-4)*-34)/((-1)/x).
47
Let o(g) = 5*g**2 - 8*g + 6. Calculate the remainder when o(5) is divided by ((-552)/(-48))/((-12)/8 + 2).
22
Calculate the remainder when (-3 + -17 + 17)*(-6929)/3 is divided by 154.
153
Let k be 3/(-6) - (-2)/4. Let v be (-4581)/(-33) + k + (-12)/(-66). Suppose -4 = 9*h - v. Calculate the remainder when 24 is divided by h.
9
Let z(a) = a + 14*a**2 + 14*a**2 + 137 - 137. Let n be (-1 + 0)/((-3)/(-3)). Calculate the remainder when 104 is divided by z(n).
23
Let w = 9295 - 6057. Calculate the remainder when w is divided by 10.
8
Let t(l) = -169*l - 961. Let p(k) = -28*k - 10. What is the remainder when p(-6) is divided by t(-6)?
52
Let z(m) = -59*m + 2677. What is the remainder when 6925 is divided by z(45)?
17
Let f be -1 + (-46)/12 - (-24)/(-144). Let j be (-22458)/(-95) + (-3)/f. Suppose 0*p + 3*p = j. Calculate the remainder when p is divided by 14.
9
Let t = -47 - -67. Suppose -z - t = 2*u, u + z = -4 - 8. Let v(y) = y**2 + 2*y - 18. Calculate the remainder when 110 is divided by v(u).
20
Let q(l) = l**2 - 5*l - 22. Let w = -701 + 817. Calculate the remainder when w is divided by q(-7).
54
Let o = 6 - 6. Suppose -30*f - 15 = -29*f. What is the remainder when (o + 3)*(f - -62) is divided by 36?
33
Suppose -6 = 11*a - 12*a. Calculate the remainder when 152 is divided by (24/(-22))/a - (-686)/22.
28
Suppose 276 = 4*g - g. Let u(v) = 6*v**3 - 2*v**2 + 4*v + 8. Let r be u(-2). Let p = 75 + r. What is the remainder when g is divided by p?
16
Let q(u) = -36*u + 247. Let o be q(7). Suppose 7*p - 4*p - 5*n = 159, -n = -3. Calculate the remainder when -2 + (o - (-948)/4) is divided by p.
56
Let h(s) = -17 - 7 - 9*s - 18 + 9. Let o be h(-6). Suppose l - 4*c = o, 5*l - 4*c - 57 = -16. What is the remainder when 5 is divided by l?
0
Let y be 27/45*5 + (-2)/(-2). Calculate the remainder when 106 is divided by ((-29)/y + -1)/(36/(-96)).
18
Let l(t) be the first derivative of 2*t**3/3 + 3*t**2/2 - 5*t + 76. What is the remainder when 15 is divided by l(2)?
6
Let x be 16*3*4/12 + -3. Suppose -5*w + 19 = c, -61 = -2*c + 2*w + x. Let s = -14 - -32. What is the remainder when c is divided by s?
16
Suppose 78 - 140 = -11*o + 345. What is the remainder when 1133 is divided by o?
23
Suppose 0 = 11*b - 1063 + 161. Let h = 690 - 446. Calculate the remainder when h is divided by b.
80
Suppose 772*w - 34976 = -321*w. Suppose -44 = 3*l - 7*l. Calculate the remainder when w is divided by l.
10
Let q(i) = -i**2 + 324*i - 14267. What is the remainder when q(53) is divided by 1*(1 - 2 - -26)?
21
Suppose -558*x + 555*x = -10 - 5. Calculate the remainder when 783 is divided by x.
3
Suppose 5 - 1 = -a + 2*i, 5*a - i - 25 = 0. Suppose 0 = v - 14 + a. Let h(f) = 69*f - 539. Calculate the remainder when h(8) is divided by v.
5
Suppose 0 = -78*q + 512 + 1204. Calculate the remainder when 11679 is divided by q.
19
Suppose 3*n - 94 = 2*n. Suppose 0 = 4*i + 3*d - 730, -i - 2*d - 24 = -209. Let k = 197 - i. What is the remainder when n is divided by k?
14
Suppose -64*u = 45*u - 68 - 36992. What is the remainder when 694 is divided by u?
14
Let z = -2130 - -2135. Calculate the remainder when 388 is divided by z.
3
Let k(n) = 2*n - 30. Let y be k(16). Suppose 2*h - 747 = -h - 3*f, -y*f + 1242 = 5*h. Suppose 11*r = h + 379. Calculate the remainder when r is divided by 20.
17
Let b(f) = -139*f + 1256. Let n = -207 + 326. What is the remainder when n is divided by b(9)?
4
Let w be (9/15)/((-1)/(-445)). Suppose w*z - 460 = 262*z. What is the remainder when z is divided by 28?
8
Suppose 0 = 7*z - 121 + 37. Let y = -26 - -65. Calculate the remainder when y is divided by 2/4 + 1 + 174/z.
7
Suppose -5*g - 30 = -2*u - 19, -13 = -u - 5*g. Suppose 3*b - 5*z - 1011 = 0, -12*z + 1316 = 4*b - u*z. Calculate the remainder when b is divided by 21.
17
Calculate the remainder when 36/(-15)*100/(-15)*(-356)/(-4) is divided by 210.
164
Let g = 1864 + -1791. What is the remainder when g is divided by 73?
0
Let p = 13 + -10. Let a = p - -4. Let z = a - -24. Calculate the remainder when z is divided by 8.
7
Let b(m) = 164*m + 350. What is the remainder when 6/(-27) + 650/9 is divided by b(-2)?
6
Suppose 78*j = 88*j. Calculate the remainder when 71 is divided by j - (-190)/8 - 22/(-88).
23
Suppose -74 = -2*v + 144*g - 141*g, -3*v = g - 144. What is the remainder when 156 is divided by v?
18
Let r(b) = -b**2 + 746*b - 6567. Suppose 1054 = 5*q - 2*n, -q + 4*n - 108 = -326. What is the remainder when q is divided by r(9)?
12
Let m = -932 - -720. Let y = 223 + m. What is the remainder when 21 is divided by y?
10
Suppose -5*i + 5*m = 7*m - 430, m + 181 = 2*i. Suppose 5*h + i = f, 4*f - 5*f + 88 = h. Suppose -62 - f = -5*a. What is the remainder when 88 is divided by a?
28
Let g = 824 - 609. Calculate the remainder when g is divided by 22.
17
Suppose 0 = 5*g - 4*c - 423 - 17, 67 = g - 5*c. Suppose 0 = 12*m - 104 - 355 + 195. Calculate the remainder when g is divided by m.
4
Suppose 24 = j + 6*b - 4*b, -b = 2*j - 60. Calculate the remainder when 566 is divided by j.
22
Let i = -2628 - -2686. Calculate the remainder when 114 is divided by i.
56
Suppose -h - 10 = -4*c, 0 = 5*c - 2*h + 3*h - 17. Suppose 26 + 